{"id":5,"date":"2017-07-12T16:37:41","date_gmt":"2017-07-12T16:37:41","guid":{"rendered":"http:\/\/lookheretofindit.nl\/recreantencompetitie\/?page_id=5"},"modified":"2025-07-18T07:53:33","modified_gmt":"2025-07-18T07:53:33","slug":"laatste-nieuws","status":"publish","type":"page","link":"https:\/\/lookheretofindit.nl\/recreantencompetitie\/","title":{"rendered":"Laatste nieuws"},"content":{"rendered":"\n<p><\/p>\n\n\n<h3 class=\"c4\"><span class=\"c25 c16\">Competitiesecretariaat seizoen 2025 &#8211; 2026<br \/><\/span><span class=\"c10\">Vocluma Marienheem<\/span><\/h3>\n<div><a href=\"mailto:competitiesecretariaat@gmail.com\">competitiesecretariaat@gmail.com<\/a><\/div>\n<div>\u00a0<\/div>\n<h2 class=\"c4\"><span class=\"c14\" style=\"color: #000000;\">Openingstoernooi<\/span><\/h2>\n<p class=\"m_5819511842709308649c4\"><span style=\"color: #ff0000;\"><b>Het openingstoernooi wordt georganiseerd door Salvora uit Raalte en vindt plaats op dinsdag 9 september in sporthal Tijenraan te Raalte.\u00a0<\/b><\/span><\/p>\n<h1 class=\"c4\" style=\"text-align: center;\">RECREANTENCOMPETITIE<\/h1>\n<h1 class=\"c4\" style=\"text-align: center;\">SALLAND<\/h1>\n<h1 class=\"c4\" style=\"text-align: center;\">seizoen 2025-2026<\/h1>\n<h1 class=\"c4\"><span style=\"font-size: revert; font-weight: 400;\">Aan de competitie doen dit seizoen 15 <\/span><span style=\"font-size: revert; font-weight: 400;\">teams mee:<\/span><\/h1>\n<p class=\"m_5819511842709308649c4\"><span class=\"m_5819511842709308649c10\">&#8211; 8 dames teams,<\/span><span class=\"m_5819511842709308649c10\"><br \/>&#8211; 7 heren teams.<\/span><\/p>\n<p>Dames en Heren spelen een volle competitie, ze spelen tegen iedereen in de poule \u00e9\u00e9n keer uit en \u00e9\u00e9n keer thuis.<\/p>\n<p class=\"c4\"><span style=\"font-size: 29px; font-weight: bold;\">Financi\u00ebn<\/span><\/p>\n<p class=\"m_5819511842709308649c4\">De kosten bedragen<br \/><strong>\u20ac 30,00<\/strong> per team.<br \/>Dit bedrag gaarne <strong>v\u00f3\u00f3r 1 november 2025 <\/strong>storten op rekeningnummer:<br \/><strong>NL41 RABO 0383 4028 75 t.n.v. S.G. Hagen, Salvora<\/strong>\u00a0.<br \/><span class=\"m_5819511842709308649c10\">Tevens vermelden: aantal teams en naam vereniging.<\/span><\/p>\n<h2 class=\"c4\"><span class=\"c16\">Standen, wedstrijdbriefjes en overige informatie<\/span><\/h2>\n<p class=\"c4\"><span class=\"c10\">Op de site is diverse informatie te vinden o.a. wedstrijdbriefjes, standen en het programmaboekje seizoen 2025-2026.<\/span><\/p>\n<p class=\"c4\"><img decoding=\"async\" class=\"alignright\" title=\"\" src=\"http:\/\/lookheretofindit.nl\/recreantencompetitie\/wp-content\/uploads\/2021\/07\/volleybal1.png\" alt=\"volleybal1.png\" \/><\/p>\n<p class=\"c4\">\u00a0<\/p>","protected":false},"excerpt":{"rendered":"<p>Competitiesecretariaat seizoen 2025 &#8211; 2026Vocluma Marienheem competitiesecretariaat@gmail.com \u00a0 Openingstoernooi Het openingstoernooi wordt georganiseerd door Salvora uit Raalte en vindt plaats op dinsdag 9 september in sporthal Tijenraan te Raalte.\u00a0 RECREANTENCOMPETITIE SALLAND seizoen 2025-2026 Aan de competitie doen dit seizoen 15 teams mee: &#8211; 8 dames teams,&#8211; 7 heren teams. Dames en Heren spelen een volle &hellip; <a href=\"https:\/\/lookheretofindit.nl\/recreantencompetitie\/\" class=\"more-link\">Verder lezen <span class=\"screen-reader-text\">Laatste nieuws<\/span><\/a><\/p>\n","protected":false},"author":1,"featured_media":0,"parent":0,"menu_order":0,"comment_status":"closed","ping_status":"closed","template":"","meta":{"footnotes":""},"class_list":["post-5","page","type-page","status-publish","hentry"],"_links":{"self":[{"href":"https:\/\/lookheretofindit.nl\/recreantencompetitie\/wp-json\/wp\/v2\/pages\/5","targetHints":{"allow":["GET"]}}],"collection":[{"href":"https:\/\/lookheretofindit.nl\/recreantencompetitie\/wp-json\/wp\/v2\/pages"}],"about":[{"href":"https:\/\/lookheretofindit.nl\/recreantencompetitie\/wp-json\/wp\/v2\/types\/page"}],"author":[{"embeddable":true,"href":"https:\/\/lookheretofindit.nl\/recreantencompetitie\/wp-json\/wp\/v2\/users\/1"}],"replies":[{"embeddable":true,"href":"https:\/\/lookheretofindit.nl\/recreantencompetitie\/wp-json\/wp\/v2\/comments?post=5"}],"version-history":[{"count":51,"href":"https:\/\/lookheretofindit.nl\/recreantencompetitie\/wp-json\/wp\/v2\/pages\/5\/revisions"}],"predecessor-version":[{"id":304,"href":"https:\/\/lookheretofindit.nl\/recreantencompetitie\/wp-json\/wp\/v2\/pages\/5\/revisions\/304"}],"wp:attachment":[{"href":"https:\/\/lookheretofindit.nl\/recreantencompetitie\/wp-json\/wp\/v2\/media?parent=5"}],"curies":[{"name":"wp","href":"https:\/\/api.w.org\/{rel}","templated":true}]}}